by 118?
11
Calculate the remainder when 1984 is divided by 622.
118
What is the remainder when 387010 is divided by 6?
4
Calculate the remainder when 43458 is divided by 14483.
9
Calculate the remainder when 105807 is divided by 21134.
137
What is the remainder when 8100 is divided by 8091?
9
Calculate the remainder when 1210 is divided by 246.
226
What is the remainder when 230620 is divided by 58?
12
What is the remainder when 75796 is divided by 364?
84
Calculate the remainder when 9710 is divided by 2419.
34
Calculate the remainder when 202 is divided by 199.
3
Calculate the remainder when 23578 is divided by 1392.
1306
Calculate the remainder when 12666 is divided by 12.
6
What is the remainder when 1686 is divided by 771?
144
Calculate the remainder when 2305 is divided by 286.
17
What is the remainder when 8128 is divided by 514?
418
What is the remainder when 3526467 is divided by 706?
703
What is the remainder when 32525 is divided by 740?
705
Calculate the remainder when 4150 is divided by 232.
206
Calculate the remainder when 5270 is divided by 170.
0
What is the remainder when 42766 is divided by 354?
286
Calculate the remainder when 4008 is divided by 979.
92
Calculate the remainder when 1116197 is divided by 1681.
13
Calculate the remainder when 58398 is divided by 328.
14
Calculate the remainder when 15569 is divided by 617.
144
Calculate the remainder when 6038 is divided by 1507.
10
What is the remainder when 207666 is divided by 38?
34
Calculate the remainder when 805 is divided by 275.
255
Calculate the remainder when 4604 is divided by 350.
54
What is the remainder when 11920 is divided by 494?
64
Calculate the remainder when 27420 is divided by 788.
628
Calculate the remainder when 3560 is divided by 257.
219
Calculate the remainder when 515 is divided by 40.
35
What is the remainder when 11929 is divided by 64?
25
Calculate the remainder when 74088 is divided by 3528.
0
What is the remainder when 27617 is divided by 147?
128
What is the remainder when 22691 is divided by 23?
13
Calculate the remainder when 50258 is divided by 35.
33
Calculate the remainder when 2245 is divided by 592.
469
What is the remainder when 18549 is divided by 17696?
853
Calculate the remainder when 1482341 is divided by 919.
913
What is the remainder when 2024877 is divided by 60?
57
What is the remainder when 944377 is divided by 22?
5
Calculate the remainder when 971429 is divided by 15.
14
Calculate the remainder when 55833 is divided by 32.
25
What is the remainder when 13321 is divided by 17?
10
Calculate the remainder when 4142 is divided by 3987.
155
What is the remainder when 17974 is divided by 266?
152
What is the remainder when 10892 is divided by 13?
11
Calculate the remainder when 11836042 is divided by 81.
79
Calculate the remainder when 5364 is divided by 207.
189
Calculate the remainder when 2406 is divided by 83.
82
Calculate the remainder when 1664 is divided by 101.
48
Calculate the remainder when 73578 is divided by 153.
138
What is the remainder when 51974 is divided by 51973?
1
What is the remainder when 64499 is divided by 8?
3
Calculate the remainder when 35756 is divided by 36.
8
What is the remainder when 2948 is divided by 265?
33
What is the remainder when 12153 is divided by 46?
9
What is the remainder when 47861 is divided by 15944?
29
Calculate the remainder when 23456 is divided by 255.
251
Calculate the remainder when 724752 is divided by 74.
70
What is the remainder when 11868 is divided by 456?
12
What is the remainder when 22435 is divided by 112?
35
What is the remainder when 66082 is divided by 207?
49
What is the remainder when 9965 is divided by 151?
150
Calculate the remainder when 340996 is divided by 1100.
1096
Calculate the remainder when 2779 is divided by 13.
10
What is the remainder when 3975 is divided by 576?
519
What is the remainder when 7748 is divided by 12?
8
Calculate the remainder when 6858 is divided by 382.
364
What is the remainder when 675407 is divided by 13508?
7
What is the remainder when 145844 is divided by 118?
114
Calculate the remainder when 37717 is divided by 184.
181
What is the remainder when 14198 is divided by 827?
139
Calculate the remainder when 11990 is divided by 331.
74
What is the remainder when 2164735 is divided by 14?
13
Calculate the remainder when 942166 is divided by 235539.
10
What is the remainder when 6443 is divided by 804?
11
Calculate the remainder when 1696851 is divided by 17.
13
What is the remainder when 506352 is divided by 62?
60
What is the remainder when 15278 is divided by 1251?
266
Calculate the remainder when 2301 is divided by 100.
1
Calculate the remainder when 77813 is divided by 142.
139
Calculate the remainder when 12598 is divided by 2518.
8
What is the remainder when 5874 is divided by 369?
339
Calculate the remainder when 132547 is divided by 22.
19
Calculate the remainder when 2603 is divided by 35.
13
Calculate the remainder when 32017 is divided by 464.
1
What is the remainder when 752 is divided by 215?
107
What is the remainder when 2104 is divided by 119?
81
What is the remainder when 97210 is divided by 30?
10
Calculate the remainder when 499745 is divided by 99948.
5
Calculate the remainder when 876 is divided by 232.
180
What is the remainder when 50699 is divided by 343?
278
What is the remainder when 112363 is divided by 216?
43
Calculate the remainder when 18162 is divided by 2016.
18
What is the remainder when 135539 is divided by 33847?
151
What is the remainder when 185992 is divided by 472?
24
Calculate the remainder when 11049 is divided by 26.
25
Calculate the remainder when 77329 is divided by 93.
46
Calculate the remainder when 2758 is divided by 273.
28
What is the remainder when 117279 is divided by 40?
39
What is the remainder when 1935 is divided by 1910?
25
Calculate the remainder when 4862 is divided by 78.
26
What is the remainder when 742395 is divided by 58?
53
Calculate the remainder when 28018 is divided by 4665.
28
Calculate the remainder when 74879 is divided by 2673.
35
Calculate the remainder when 3144178 is divided by 435.
433
Calculate the remainder when 8331 is divided by 418.
389
What is the remainder when 107944 is divided by 77?
67
Calculate the remainder when 11717 is divided by 8.
5
What is the remainder when 584018 is divided by 141?
137
What is the remainder when 581252 is divided by 26?
22
Calculate the remainder when 32341 is divided by 565.
136
Calculate the remainder when 269349 is divided by 258.
255
What is the remainder when 2555 is divided by 36?
35
What is the remainder when 83745 is divided by 14?
11
What is the remainder when 1510 is divided by 192?
166
What is the remainder when 173347 is divided by 287?
286
What is the remainder when 19750 is divided by 570?
370
Calculate the remainder when 6258 is divided by 101.
97
Calculate the remainder when 1597 is divided by 62.
47
What is the remainder when 332 is divided by 58?
42
What is the remainder when 15117 is divided by 1888?
13
What is the remainder when 23357 is divided by 80?
77
Calculate the remainder when 3213 is divided by 1599.
15
What is the remainder when 739 is divided by 77?
46
What is the remainder when 6106 is divided by 283?
163
What is the remainder when 25786 is divided by 2025?
1486
What is the remainder when 23952 is divided by 282?
264
What is the remainder when 8015 is divided by 107?
97
Calculate the remainder when 164491 is divided by 11.
8
Calculate the remainder when 353957 is divided by 131.
126
Calculate the remainder when 2700 is divided by 258.
120
Calculate the remainder when 31754 is divided by 55.
19
Calculate the remainder when 32194 is divided by 101.
76
What is the remainder when 811897 is divided by 230?
227
What is the remainder when 857841 is divided by 1806?
1797
Calculate the remainder when 243219 is divided by 141.
135
Calculate the remainder when 154908 is divided by 1614.
1578
Calculate the remainder when 8600 is divided by 716.
8
Calculate the remainder when 7576 is divided by 412.
160
Calculate the remainder when 10281 is divided by 97.
96
Calculate the remainder when 7742 is divided by 1106.
0
What is the remainder when 28538 is divided by 66?
26
What is the remainder when 3059 is di